{"id":1014,"date":"2025-05-05T09:12:41","date_gmt":"2025-05-05T09:12:41","guid":{"rendered":"https:\/\/www.ludgeri-stiftung.de\/?page_id=1014"},"modified":"2025-12-11T08:52:55","modified_gmt":"2025-12-11T08:52:55","slug":"ludgeri-wohnen","status":"publish","type":"page","link":"https:\/\/www.ludgeri-stiftung.de\/index.php\/ludgeri-wohnen\/","title":{"rendered":"Ludgeri Wohnen"},"content":{"rendered":"<p>[et_pb_section fb_built=&#8220;1&#8243; disabled_on=&#8220;on|on|off&#8220; admin_label=&#8220;Hero&#8220; _builder_version=&#8220;4.27.4&#8243; _module_preset=&#8220;default&#8220; background_color=&#8220;#007697&#8243; background_image=&#8220;https:\/\/www.ludgeri-stiftung.de\/wp-content\/uploads\/2025\/06\/header-wohnen-1.jpg&#8220; parallax=&#8220;on&#8220; custom_padding=&#8220;0px||0px||true|false&#8220; locked=&#8220;off&#8220; global_colors_info=&#8220;{}&#8220;][et_pb_row column_structure=&#8220;2_3,1_3&#8243; use_custom_gutter=&#8220;on&#8220; make_equal=&#8220;on&#8220; padding_top_bottom_link_1=&#8220;true&#8220; padding_top_bottom_link_2=&#8220;true&#8220; padding_left_right_link_1=&#8220;true&#8220; padding_left_right_link_2=&#8220;true&#8220; background_color_gradient_type_1=&#8220;circular&#8220; _builder_version=&#8220;4.27.4&#8243; _module_preset=&#8220;default&#8220; width=&#8220;100%&#8220; max_width=&#8220;100%&#8220; custom_padding=&#8220;0px||0px||true&#8220; use_custom_width=&#8220;on&#8220; width_unit=&#8220;off&#8220; custom_width_percent=&#8220;100%&#8220; global_colors_info=&#8220;{}&#8220;][et_pb_column type=&#8220;2_3&#8243; _builder_version=&#8220;4.27.4&#8243; _module_preset=&#8220;default&#8220; background_color_gradient_start=&#8220;rgba(40,40,40,0.79)&#8220; background_color_gradient_end=&#8220;rgba(40,40,40,0.86)&#8220; custom_padding=&#8220;10vw|6vw|10vw|6vw&#8220; custom_padding_tablet=&#8220;10vw|10%|10vw|10%|true|true&#8220; custom_padding_phone=&#8220;10vw|10%|10vw|10%|true|true&#8220; custom_padding_last_edited=&#8220;on|desktop&#8220; global_colors_info=&#8220;{}&#8220; padding_tablet=&#8220;10vw|10%|10vw|10%|true|true&#8220; padding_last_edited=&#8220;on|desktop&#8220; custom_padding__hover=&#8220;|||&#8220; padding_phone=&#8220;10vw|10%|10vw|10%|true|true&#8220;][et_pb_text _builder_version=&#8220;4.27.4&#8243; _module_preset=&#8220;_initial&#8220; text_font=&#8220;||||||||&#8220; header_font=&#8220;Roboto Condensed|700|on||||||&#8220; header_text_color=&#8220;#FFFFFF&#8220; header_font_size=&#8220;64px&#8220; header_line_height=&#8220;1.1em&#8220; background_layout=&#8220;dark&#8220; max_width=&#8220;800px&#8220; custom_margin=&#8220;170px||0px||false|false&#8220; custom_padding=&#8220;|||16px&#8220; text_font_size_tablet=&#8220;14px&#8220; text_font_size_last_edited=&#8220;off|desktop&#8220; header_font_size_tablet=&#8220;44px&#8220; header_font_size_phone=&#8220;32px&#8220; header_font_size_last_edited=&#8220;on|phone&#8220; header_text_shadow_style=&#8220;preset3&#8243; border_color_all=&#8220;RGBA(255,255,255,0)&#8220; locked=&#8220;off&#8220; global_colors_info=&#8220;{}&#8220;]<\/p>\n<h1>Ludgeri Wohnen<\/h1>\n<p>[\/et_pb_text][\/et_pb_column][et_pb_column type=&#8220;1_3&#8243; _builder_version=&#8220;4.22.2&#8243; _module_preset=&#8220;default&#8220; background_color=&#8220;#CAC84E&#8220; custom_padding=&#8220;80px|40px|80px|40px&#8220; custom_padding_tablet=&#8220;|10%||10%||true&#8220; custom_padding_phone=&#8220;|10%||10%||true&#8220; custom_padding_last_edited=&#8220;on|desktop&#8220; global_colors_info=&#8220;{}&#8220; padding_tablet=&#8220;|10%||10%||true&#8220; padding_last_edited=&#8220;on|desktop&#8220; custom_padding__hover=&#8220;|||&#8220; padding_phone=&#8220;|10%||10%||true&#8220;][et_pb_text _builder_version=&#8220;4.22.2&#8243; _module_preset=&#8220;_initial&#8220; header_font=&#8220;||||||||&#8220; header_2_font=&#8220;Roboto Condensed|700|||||||&#8220; header_2_font_size=&#8220;32px&#8220; header_2_line_height=&#8220;1.2em&#8220; custom_margin=&#8220;|||&#8220; custom_padding=&#8220;|||&#8220; header_2_font_size_last_edited=&#8220;off|desktop&#8220; global_colors_info=&#8220;{}&#8220;]<\/p>\n<h2>Themen<\/h2>\n<p>[\/et_pb_text][et_pb_blurb title=&#8220;MITTENDRIN &#038; DABEI&#8220; url=&#8220;#dabei&#8220; image=&#8220;https:\/\/www.ludgeri-stiftung.de\/wp-content\/uploads\/2024\/11\/icon-soziale-teilhabe.png&#8220; alt=&#8220;mittendrin&#8220; icon_placement=&#8220;left&#8220; image_icon_width=&#8220;64px&#8220; content_max_width=&#8220;1100px&#8220; content_max_width_tablet=&#8220;1100px&#8220; content_max_width_last_edited=&#8220;off|desktop&#8220; _builder_version=&#8220;4.27.4&#8243; _module_preset=&#8220;default&#8220; header_font=&#8220;Roboto Condensed|700|||||||&#8220; header_text_align=&#8220;left&#8220; header_text_color=&#8220;#2a2a2a&#8220; header_line_height=&#8220;1.4em&#8220; body_font=&#8220;Roboto Condensed||||||||&#8220; body_font_size=&#8220;15px&#8220; background_layout=&#8220;dark&#8220; custom_margin=&#8220;|||&#8220; custom_padding=&#8220;|||&#8220; animation_style=&#8220;slide&#8220; animation_direction=&#8220;right&#8220; animation_intensity_slide=&#8220;10%&#8220; animation=&#8220;off&#8220; image_max_width=&#8220;64px&#8220; global_colors_info=&#8220;{}&#8220;][\/et_pb_blurb][\/et_pb_column][\/et_pb_row][\/et_pb_section][et_pb_section fb_built=&#8220;1&#8243; admin_label=&#8220;Menu&#8220; _builder_version=&#8220;4.27.0&#8243; _module_preset=&#8220;default&#8220; background_color=&#8220;#f6f6f6&#8243; background_enable_image=&#8220;off&#8220; locked=&#8220;off&#8220; collapsed=&#8220;on&#8220; global_colors_info=&#8220;{}&#8220;][et_pb_row admin_label=&#8220;Section Header&#8220; _builder_version=&#8220;4.21.0&#8243; _module_preset=&#8220;default&#8220; max_width=&#8220;600px&#8220; global_colors_info=&#8220;{}&#8220;][et_pb_column type=&#8220;4_4&#8243; _builder_version=&#8220;4.16&#8243; _module_preset=&#8220;default&#8220; custom_padding=&#8220;|||&#8220; global_colors_info=&#8220;{}&#8220; custom_padding__hover=&#8220;|||&#8220;][et_pb_text admin_label=&#8220;Tittle&#8220; _builder_version=&#8220;4.27.4&#8243; _module_preset=&#8220;_initial&#8220; header_font=&#8220;||||||||&#8220; header_2_font=&#8220;Roboto Condensed|300||on|||||&#8220; header_2_text_color=&#8220;#000000&#8243; header_2_font_size=&#8220;40px&#8220; header_2_line_height=&#8220;1.5em&#8220; header_3_font=&#8220;||||||||&#8220; text_orientation=&#8220;center&#8220; max_width_last_edited=&#8220;off|desktop&#8220; custom_margin=&#8220;||10px||false|false&#8220; global_colors_info=&#8220;{}&#8220;]<\/p>\n<h2>Der Wert von Ludgeri Wohnungen<\/h2>\n<p>[\/et_pb_text][et_pb_image src=&#8220;https:\/\/www.ludgeri-stiftung.de\/wp-content\/uploads\/2024\/07\/colourspare-flat.jpg&#8220; title_text=&#8220;colourspare-flat&#8220; align=&#8220;center&#8220; _builder_version=&#8220;4.22.2&#8243; _module_preset=&#8220;default&#8220; global_colors_info=&#8220;{}&#8220;][\/et_pb_image][et_pb_text disabled_on=&#8220;off|off|off&#8220; admin_label=&#8220;Subtittle&#8220; _builder_version=&#8220;4.27.4&#8243; _module_preset=&#8220;_initial&#8220; text_font=&#8220;Roboto Condensed||||||||&#8220; text_orientation=&#8220;center&#8220; max_width_tablet=&#8220;&#8220; max_width_phone=&#8220;&#8220; max_width_last_edited=&#8220;on|phone&#8220; module_alignment=&#8220;center&#8220; global_colors_info=&#8220;{}&#8220;]<\/p>\n<p>Unsere Wohnungen bieten nicht nur ein gem\u00fctliches Zuhause, sondern auch einen sicheren und harmonischen Lebensraum, in dem sich die Bewohnenden rundum wohlf\u00fchlen k\u00f6nnen. Diese Wohnungen sind besonders f\u00fcr agile Rentner*innen geeignet, die ihr Leben auch im h\u00f6heren Alter aktiv und selbstbestimmt gestalten m\u00f6chten.<\/p>\n<p>Denn wir verstehen, wie wichtig es ist, in einem Umfeld zu leben, das Geborgenheit, Unabh\u00e4ngigkeit und Lebensqualit\u00e4t vereint.<\/p>\n<p>[\/et_pb_text][\/et_pb_column][\/et_pb_row][et_pb_row column_structure=&#8220;1_3,1_3,1_3&#8243; _builder_version=&#8220;4.27.4&#8243; _module_preset=&#8220;default&#8220; global_colors_info=&#8220;{}&#8220;][et_pb_column type=&#8220;1_3&#8243; _builder_version=&#8220;4.27.4&#8243; _module_preset=&#8220;default&#8220; global_colors_info=&#8220;{}&#8220;][\/et_pb_column][et_pb_column type=&#8220;1_3&#8243; _builder_version=&#8220;4.27.4&#8243; _module_preset=&#8220;default&#8220; global_colors_info=&#8220;{}&#8220;][et_pb_image src=&#8220;https:\/\/www.ludgeri-stiftung.de\/wp-content\/uploads\/2025\/06\/rheindorf.png&#8220; alt=&#8220;rheindorf&#8220; title_text=&#8220;rheindorf&#8220; _builder_version=&#8220;4.27.4&#8243; _module_preset=&#8220;default&#8220; global_colors_info=&#8220;{}&#8220;][\/et_pb_image][et_pb_text _builder_version=&#8220;4.27.5&#8243; _module_preset=&#8220;_initial&#8220; text_font=&#8220;Roboto Condensed||on||||||&#8220; text_orientation=&#8220;center&#8220; custom_margin=&#8220;-30px||||false|false&#8220; hover_enabled=&#8220;0&#8243; locked=&#8220;off&#8220; global_colors_info=&#8220;{}&#8220; sticky_enabled=&#8220;0&#8243;]<\/p>\n<p class=\"p1\"><b>Angie K\u00f6ppe<\/b><br \/>Heimverwaltung<br \/>Telefon 0201 \u2013 8497-1380<\/p>\n<p>[\/et_pb_text][\/et_pb_column][et_pb_column type=&#8220;1_3&#8243; _builder_version=&#8220;4.27.4&#8243; _module_preset=&#8220;default&#8220; global_colors_info=&#8220;{}&#8220;][\/et_pb_column][\/et_pb_row][\/et_pb_section][et_pb_section fb_built=&#8220;1&#8243; disabled_on=&#8220;on|off|off&#8220; admin_label=&#8220;Header&#8220; module_id=&#8220;dabei&#8220; _builder_version=&#8220;4.27.4&#8243; _module_preset=&#8220;default&#8220; background_color=&#8220;#007697&#8243; background_image=&#8220;https:\/\/www.ludgeri-stiftung.de\/wp-content\/uploads\/2025\/06\/mittendrin-und-dabei.jpg&#8220; parallax=&#8220;on&#8220; custom_padding=&#8220;20vw||20vw||true|false&#8220; locked=&#8220;off&#8220; collapsed=&#8220;on&#8220; global_colors_info=&#8220;{}&#8220;][et_pb_row _builder_version=&#8220;4.21.0&#8243; _module_preset=&#8220;default&#8220; global_colors_info=&#8220;{}&#8220;][et_pb_column type=&#8220;4_4&#8243; _builder_version=&#8220;4.21.0&#8243; _module_preset=&#8220;default&#8220; global_colors_info=&#8220;{}&#8220;][et_pb_image src=&#8220;https:\/\/www.ludgeri-stiftung.de\/wp-content\/uploads\/2024\/11\/icon-soziale-teilhabe.png&#8220; title_text=&#8220;icon-soziale-teilhabe&#8220; _builder_version=&#8220;4.27.4&#8243; _module_preset=&#8220;default&#8220; width=&#8220;10%&#8220; max_width=&#8220;10%&#8220; module_alignment=&#8220;center&#8220; locked=&#8220;off&#8220; global_colors_info=&#8220;{}&#8220;][\/et_pb_image][et_pb_text _builder_version=&#8220;4.27.4&#8243; _module_preset=&#8220;_initial&#8220; header_font=&#8220;Roboto Condensed|700||on|||||&#8220; header_text_color=&#8220;#FFFFFF&#8220; header_2_font=&#8220;Roboto Condensed|700||on|||||&#8220; header_2_text_color=&#8220;#FFFFFF&#8220; header_2_font_size=&#8220;50px&#8220; text_orientation=&#8220;center&#8220; custom_margin=&#8220;||10px||false|false&#8220; header_2_text_shadow_style=&#8220;preset3&#8243; global_colors_info=&#8220;{}&#8220;]<\/p>\n<h2>Mittendrin &amp; dabei<\/h2>\n<p>[\/et_pb_text][\/et_pb_column][\/et_pb_row][\/et_pb_section][et_pb_section fb_built=&#8220;1&#8243; _builder_version=&#8220;4.27.0&#8243; _module_preset=&#8220;default&#8220; locked=&#8220;off&#8220; global_colors_info=&#8220;{}&#8220;][et_pb_row _builder_version=&#8220;4.27.0&#8243; _module_preset=&#8220;default&#8220; global_colors_info=&#8220;{}&#8220;][et_pb_column type=&#8220;4_4&#8243; _builder_version=&#8220;4.27.0&#8243; _module_preset=&#8220;default&#8220; global_colors_info=&#8220;{}&#8220;][et_pb_text admin_label=&#8220;Tittle&#8220; _builder_version=&#8220;4.27.4&#8243; _module_preset=&#8220;_initial&#8220; header_font=&#8220;||||||||&#8220; header_2_font=&#8220;Roboto Condensed|300||on|||||&#8220; header_2_text_color=&#8220;#000000&#8243; header_2_font_size=&#8220;40px&#8220; header_2_line_height=&#8220;1.5em&#8220; header_3_font=&#8220;||||||||&#8220; text_orientation=&#8220;center&#8220; max_width_last_edited=&#8220;off|desktop&#8220; custom_margin=&#8220;||10px||false|false&#8220; global_colors_info=&#8220;{}&#8220;]<\/p>\n<h2>Zuhause in der Wohnung \u2013 daheim im Umfeld<\/h2>\n<p>[\/et_pb_text][et_pb_image src=&#8220;https:\/\/www.ludgeri-stiftung.de\/wp-content\/uploads\/2024\/07\/colourspare-flat.jpg&#8220; title_text=&#8220;colourspare-flat&#8220; align=&#8220;center&#8220; _builder_version=&#8220;4.22.2&#8243; _module_preset=&#8220;default&#8220; global_colors_info=&#8220;{}&#8220;][\/et_pb_image][et_pb_text disabled_on=&#8220;off|off|off&#8220; admin_label=&#8220;Subtittle&#8220; _builder_version=&#8220;4.27.4&#8243; _module_preset=&#8220;_initial&#8220; text_font=&#8220;Roboto Condensed||||||||&#8220; text_orientation=&#8220;center&#8220; max_width_tablet=&#8220;&#8220; max_width_phone=&#8220;&#8220; max_width_last_edited=&#8220;on|phone&#8220; module_alignment=&#8220;center&#8220; global_colors_info=&#8220;{}&#8220;]<\/p>\n<p>Unsere Ludgeri Wohnungen befinden sich in einer zentralen Lage in Essen Werden, nur wenige Gehminuten von Gesch\u00e4ften, Caf\u00e9s und \u00f6ffentlichen Verkehrsmitteln entfernt. So lassen sich jederzeit bequem Eink\u00e4ufe erledigen oder die vielf\u00e4ltigen Angebote des Stadtteils nutzen \u2013 alles fu\u00dfl\u00e4ufig erreichbar.<\/p>\n<p>[\/et_pb_text][\/et_pb_column][\/et_pb_row][et_pb_row column_structure=&#8220;1_2,1_2&#8243; _builder_version=&#8220;4.27.0&#8243; _module_preset=&#8220;default&#8220; global_colors_info=&#8220;{}&#8220;][et_pb_column type=&#8220;1_2&#8243; _builder_version=&#8220;4.27.0&#8243; _module_preset=&#8220;default&#8220; global_colors_info=&#8220;{}&#8220;][et_pb_image src=&#8220;https:\/\/www.ludgeri-stiftung.de\/wp-content\/uploads\/2025\/06\/raum-fuers-wesentliche.jpg&#8220; alt=&#8220;raum-fuers-wesentliche&#8220; title_text=&#8220;raum-fuers-wesentliche&#8220; _builder_version=&#8220;4.27.4&#8243; _module_preset=&#8220;default&#8220; global_colors_info=&#8220;{}&#8220;][\/et_pb_image][et_pb_text _builder_version=&#8220;4.27.4&#8243; _module_preset=&#8220;default&#8220; text_font=&#8220;Roboto Condensed||||||||&#8220; header_3_font=&#8220;Roboto Condensed|700|||||||&#8220; header_3_text_color=&#8220;#007697&#8243; text_orientation=&#8220;center&#8220; global_colors_info=&#8220;{}&#8220;]<\/p>\n<h3><strong>Raum f\u00fcrs Wesentliche<\/strong><\/h3>\n<p>Jede Wohnung ist gro\u00dfz\u00fcgig geschnitten und bietet die M\u00f6glichkeit, sich nach den eigenen Vorstellungen einzurichten. Ob Einzel- oder Partnerwohnungen \u2013 Bewohnende finden hier den idealen Platz, um sich zur\u00fcckzuziehen, aber auch Teil einer lebendigen Gemeinschaft zu sein. Die Wohnungen sind ca. 50 \u2013 60 m<sup>2<\/sup> gro\u00df und k\u00f6nnen ganz nach den jeweiligen W\u00fcnschen eingerichtet werden.<\/p>\n<p>[\/et_pb_text][\/et_pb_column][et_pb_column type=&#8220;1_2&#8243; _builder_version=&#8220;4.27.0&#8243; _module_preset=&#8220;default&#8220; global_colors_info=&#8220;{}&#8220;][et_pb_image src=&#8220;https:\/\/www.ludgeri-stiftung.de\/wp-content\/uploads\/2025\/06\/platz-fuer-genuss.jpg&#8220; alt=&#8220;platz-fuer-genuss&#8220; title_text=&#8220;platz-fuer-genuss&#8220; _builder_version=&#8220;4.27.4&#8243; _module_preset=&#8220;default&#8220; background_color=&#8220;#007697&#8243; locked=&#8220;off&#8220; global_colors_info=&#8220;{}&#8220;][\/et_pb_image][et_pb_text _builder_version=&#8220;4.27.4&#8243; _module_preset=&#8220;default&#8220; text_font=&#8220;Roboto Condensed||||||||&#8220; header_3_font=&#8220;Roboto Condensed|700|||||||&#8220; header_3_text_color=&#8220;#007697&#8243; text_orientation=&#8220;center&#8220; global_colors_info=&#8220;{}&#8220;]<\/p>\n<h3><strong>Platz f\u00fcr Genuss<\/strong><\/h3>\n<p>Ein weiterer Vorteil von Ludgeri Wohnen ist der t\u00e4gliche Mittagstisch der Stiftung, den alle Mieter:innen nutzen k\u00f6nnen. Bei uns haben alle die M\u00f6glichkeit, gemeinsam mit anderen Bewohnenden eine warme Mahlzeit in geselliger Atmosph\u00e4re zu genie\u00dfen. Der Mittagstisch sorgt nicht nur f\u00fcr eine ausgewogene Ern\u00e4hrung, sondern auch f\u00fcr wertvolle soziale Begegnungen, die den Alltag bereichern. Auf Wunsch kann man sich das Essen auch nach Hause liefern lassen.<\/p>\n<p>[\/et_pb_text][\/et_pb_column][\/et_pb_row][\/et_pb_section][et_pb_section fb_built=&#8220;1&#8243; _builder_version=&#8220;4.27.0&#8243; _module_preset=&#8220;default&#8220; locked=&#8220;off&#8220; global_colors_info=&#8220;{}&#8220;][et_pb_row _builder_version=&#8220;4.27.0&#8243; _module_preset=&#8220;default&#8220; global_colors_info=&#8220;{}&#8220;][et_pb_column type=&#8220;4_4&#8243; _builder_version=&#8220;4.27.0&#8243; _module_preset=&#8220;default&#8220; global_colors_info=&#8220;{}&#8220;][et_pb_text admin_label=&#8220;Tittle&#8220; _builder_version=&#8220;4.27.4&#8243; _module_preset=&#8220;_initial&#8220; header_font=&#8220;||||||||&#8220; header_2_font=&#8220;Roboto Condensed|300||on|||||&#8220; header_2_text_color=&#8220;#000000&#8243; header_2_font_size=&#8220;40px&#8220; header_2_line_height=&#8220;1.5em&#8220; header_3_font=&#8220;||||||||&#8220; text_orientation=&#8220;center&#8220; max_width_last_edited=&#8220;off|desktop&#8220; custom_margin=&#8220;||10px||false|false&#8220; global_colors_info=&#8220;{}&#8220;]<\/p>\n<h2>Giselas bunte Oase<\/h2>\n<p>[\/et_pb_text][et_pb_image src=&#8220;https:\/\/www.ludgeri-stiftung.de\/wp-content\/uploads\/2025\/06\/bunte-oase.jpg&#8220; alt=&#8220;bunte-oase&#8220; title_text=&#8220;bunte-oase&#8220; _builder_version=&#8220;4.27.4&#8243; _module_preset=&#8220;default&#8220; global_colors_info=&#8220;{}&#8220;][\/et_pb_image][et_pb_image src=&#8220;https:\/\/www.ludgeri-stiftung.de\/wp-content\/uploads\/2024\/07\/colourspare-flat.jpg&#8220; title_text=&#8220;colourspare-flat&#8220; align=&#8220;center&#8220; _builder_version=&#8220;4.22.2&#8243; _module_preset=&#8220;default&#8220; global_colors_info=&#8220;{}&#8220;][\/et_pb_image][et_pb_text disabled_on=&#8220;off|off|off&#8220; admin_label=&#8220;Subtittle&#8220; _builder_version=&#8220;4.27.4&#8243; _module_preset=&#8220;_initial&#8220; text_font=&#8220;Roboto Condensed||||||||&#8220; text_orientation=&#8220;center&#8220; max_width_tablet=&#8220;&#8220; max_width_phone=&#8220;&#8220; max_width_last_edited=&#8220;on|phone&#8220; module_alignment=&#8220;center&#8220; global_colors_info=&#8220;{}&#8220;]<\/p>\n<p>Vor zwei Jahren zog Gisela G. in ihre Zwei-Zimmer-Wohnung bei Ludgeri Wohnen. Eine Wohnung, die direkt an den Heimbereich angrenzt und somit eine Br\u00fccke zwischen Eigenst\u00e4ndigkeit und F\u00fcrsorge schl\u00e4gt. Betritt man Giselas Reich, wird man sofort von der liebevollen Einrichtung und einem ganz besonderen Detail gefangen genommen: eine Wand in einem knalligen Blau, die das ganze Zimmer zum Leuchten bringt. \u201eMan muss doch Farbe ins Leben bringen, oder?\u201c, schmunzelt Gisela und ihre Augen strahlen, wenn sie von ihrem Zuhause erz\u00e4hlt. \u201eFr\u00fcher hatte ich ja immer Angst vor so Farben, aber hier? Hier hab ich mich einfach getraut. Und wissen Sie was? Ich hab\u2019s keine Sekunde bereut!\u201c<\/p>\n<p>Gisela f\u00fchlt sich sichtlich wohl. \u201eEs ist einfach herrlich hier\u201c, schw\u00e4rmt sie. \u201eIch hab\u2019s so gem\u00fctlich, genau wie ich es mir immer gew\u00fcnscht habe. Und wenn ich mal Lust auf Gesellschaft habe, dann geh ich einfach r\u00fcber zum Empfang des Heimes. Da gibt\u2019s immer einen leckeren Kaffee und ein offenes Ohr f\u00fcr einen kleinen Plausch.\u201c Sie lacht herzlich. \u201eManchmal erz\u00e4hlen die Damen vom Empfang so lustige Geschichten, da muss ich mir echt das Lachen verkneifen, damit ich nicht umfalle. Aber keine Sorge, ich bin standfest!\u201c Die Gewissheit, dass sie in der Stiftung Ludgeri Wohnen immer ein offenes Ohr findet, sch\u00e4tzt Gisela besonders. Ob es um kleine Alltagsprobleme geht oder einfach nur um einen netten Austausch \u2013 hier f\u00fchlt sie sich verstanden und angenommen.<\/p>\n<p>&nbsp;<\/p>\n<h3><strong>Barrierefreiheit und Gemeinschaftsgeist<\/strong><\/h3>\n<p><strong><\/strong><\/p>\n<p>Auch die praktischen Dinge des Alltags sind f\u00fcr Gisela ein Segen. \u201eDas Bad!\u201c, ruft sie begeistert. \u201eEine ebenerdige Dusche! Kein Gezirkel mehr mit hohen Einstiegen. Das ist Luxus pur! Und die Aufz\u00fcge und Lifter \u2013 ich sag Ihnen, ich schwebe f\u00f6rmlich zu meiner Wohnung. Keine Treppen, kein Stress. Das ist einfach perfekt, gerade in meinem Alter.\u201c Giselas Erz\u00e4hlungen sind so lebendig, dass man das Gef\u00fchl hat, selbst durch die G\u00e4nge zu spazieren und die Leichtigkeit zu sp\u00fcren, die das Leben dort ausmacht.<\/p>\n<p>Doch Ludgeri Wohnen ist mehr als nur barrierefreier Wohnraum. F\u00fcr die Mieterinnen und Mieter ergibt sich zudem die wunderbare M\u00f6glichkeit, sich aktiv in die Gemeinschaft einzubringen. \u201eIch \u00fcberlege ja schon, ob ich nicht bald ein Ehrenamt \u00fcbernehme\u201c, verr\u00e4t Gisela mit einem Augenzwinkern. \u201eDa gibt\u2019s ja so viele M\u00f6glichkeiten, und ich hab\u2018 ja jetzt auch die Zeit daf\u00fcr.\u201c Und die Geselligkeit kommt ebenfalls nicht zu kurz. Regelm\u00e4\u00dfig treffen sich die Bewohnerinnen und Bewohner zum Mittagstisch der Stiftung im Begegnungszentrum. Eine Gelegenheit zum Austausch, zum Lachen und zum gemeinsamen Genie\u00dfen. \u201eDa gibt\u2019s immer was Leckeres und man trifft nette Leute\u201c, erz\u00e4hlt Gisela. \u201eUnd wer wei\u00df, vielleicht lerne ich ja bald noch ein paar neue Witze, die ich dann am Empfang erz\u00e4hlen kann!\u201c<\/p>\n<p>Ludgeri Wohnen ist ein Ort, an dem man sich nicht nur zu Hause f\u00fchlt, sondern auch aktiv am Leben teilhaben kann. Ein Zuhause, das mit Herz und Seele gef\u00fcllt ist \u2013 und mit einer Gisela, die beweist, dass das Leben auch im Alter noch voller bunter Farben und fr\u00f6hlicher Geschichten sein kann.<\/p>\n<p>Die Ein- oder Zwei-Zimmer-Wohnungen verf\u00fcgen zus\u00e4tzlich \u00fcber einen an den Heimbereich angeschlossenen Hausnotruf. Bei Bedarf ist Hilfe unmittelbar vor Ort.<\/p>\n<p>[\/et_pb_text][\/et_pb_column][\/et_pb_row][\/et_pb_section]<\/p>\n","protected":false},"excerpt":{"rendered":"<p>Ludgeri WohnenThemenDer Wert von Ludgeri WohnungenUnsere Wohnungen bieten nicht nur ein gem\u00fctliches Zuhause, sondern auch einen sicheren und harmonischen Lebensraum, in dem sich die Bewohnenden rundum wohlf\u00fchlen k\u00f6nnen. Diese Wohnungen sind besonders f\u00fcr agile Rentner*innen geeignet, die ihr Leben auch im h\u00f6heren Alter aktiv und selbstbestimmt gestalten m\u00f6chten. Denn wir verstehen, wie wichtig es ist, [&hellip;]<\/p>\n","protected":false},"author":2,"featured_media":0,"parent":0,"menu_order":0,"comment_status":"closed","ping_status":"closed","template":"","meta":{"_seopress_robots_primary_cat":"","_seopress_titles_title":"","_seopress_titles_desc":"","_seopress_robots_index":"","_et_pb_use_builder":"on","_et_pb_old_content":"","_et_gb_content_width":"","footnotes":""},"class_list":["post-1014","page","type-page","status-publish","hentry"],"_links":{"self":[{"href":"https:\/\/www.ludgeri-stiftung.de\/index.php\/wp-json\/wp\/v2\/pages\/1014","targetHints":{"allow":["GET"]}}],"collection":[{"href":"https:\/\/www.ludgeri-stiftung.de\/index.php\/wp-json\/wp\/v2\/pages"}],"about":[{"href":"https:\/\/www.ludgeri-stiftung.de\/index.php\/wp-json\/wp\/v2\/types\/page"}],"author":[{"embeddable":true,"href":"https:\/\/www.ludgeri-stiftung.de\/index.php\/wp-json\/wp\/v2\/users\/2"}],"replies":[{"embeddable":true,"href":"https:\/\/www.ludgeri-stiftung.de\/index.php\/wp-json\/wp\/v2\/comments?post=1014"}],"version-history":[{"count":31,"href":"https:\/\/www.ludgeri-stiftung.de\/index.php\/wp-json\/wp\/v2\/pages\/1014\/revisions"}],"predecessor-version":[{"id":1717,"href":"https:\/\/www.ludgeri-stiftung.de\/index.php\/wp-json\/wp\/v2\/pages\/1014\/revisions\/1717"}],"wp:attachment":[{"href":"https:\/\/www.ludgeri-stiftung.de\/index.php\/wp-json\/wp\/v2\/media?parent=1014"}],"curies":[{"name":"wp","href":"https:\/\/api.w.org\/{rel}","templated":true}]}}