{"id":1636,"date":"2025-07-31T09:09:04","date_gmt":"2025-07-31T09:09:04","guid":{"rendered":"https:\/\/www.ludgeri-stiftung.de\/?page_id=1636"},"modified":"2025-08-07T09:15:53","modified_gmt":"2025-08-07T09:15:53","slug":"datenschutz","status":"publish","type":"page","link":"https:\/\/www.ludgeri-stiftung.de\/index.php\/datenschutz\/","title":{"rendered":"Datenschutz"},"content":{"rendered":"<p>[et_pb_section fb_built=&#8220;1&#8243; admin_label=&#8220;Header&#8220; _builder_version=&#8220;4.22.2&#8243; _module_preset=&#8220;default&#8220; custom_padding=&#8220;0px||0px||true|false&#8220; locked=&#8220;off&#8220; collapsed=&#8220;on&#8220; global_colors_info=&#8220;{}&#8220;][et_pb_row admin_label=&#8220;Section Header&#8220; _builder_version=&#8220;4.21.0&#8243; _module_preset=&#8220;default&#8220; max_width=&#8220;600px&#8220; locked=&#8220;off&#8220; global_colors_info=&#8220;{}&#8220;][et_pb_column type=&#8220;4_4&#8243; _builder_version=&#8220;4.16&#8243; _module_preset=&#8220;default&#8220; custom_padding=&#8220;|||&#8220; global_colors_info=&#8220;{}&#8220; custom_padding__hover=&#8220;|||&#8220;][et_pb_text admin_label=&#8220;Tittle&#8220; _builder_version=&#8220;4.23.4&#8243; _module_preset=&#8220;_initial&#8220; header_font=&#8220;||||||||&#8220; header_2_font=&#8220;Roboto Condensed|300||on|||||&#8220; header_2_text_color=&#8220;#000000&#8243; header_3_font=&#8220;||||||||&#8220; text_orientation=&#8220;center&#8220; max_width_last_edited=&#8220;off|desktop&#8220; custom_margin=&#8220;||10px||false|false&#8220; global_colors_info=&#8220;{}&#8220;]<\/p>\n<h2>Datenschutzerkl\u00e4rung<\/h2>\n<p>[\/et_pb_text][et_pb_image src=&#8220;https:\/\/www.ludgeri-stiftung.de\/wp-content\/uploads\/2024\/07\/colourspare-flat.jpg&#8220; title_text=&#8220;colourspare-flat&#8220; align=&#8220;center&#8220; _builder_version=&#8220;4.25.0&#8243; _module_preset=&#8220;default&#8220; global_colors_info=&#8220;{}&#8220;][\/et_pb_image][et_pb_text disabled_on=&#8220;off|off|off&#8220; admin_label=&#8220;Subtittle&#8220; _builder_version=&#8220;4.27.4&#8243; _module_preset=&#8220;_initial&#8220; text_font=&#8220;Roboto Condensed||||||||&#8220; header_3_font=&#8220;|700|||||||&#8220; header_3_font_size=&#8220;20px&#8220; text_orientation=&#8220;center&#8220; max_width_tablet=&#8220;&#8220; max_width_phone=&#8220;&#8220; max_width_last_edited=&#8220;on|phone&#8220; module_alignment=&#8220;center&#8220; custom_margin=&#8220;100px||||false|false&#8220; hover_enabled=&#8220;0&#8243; custom_css_free_form=&#8220;selector * {||  text-align: left;||}&#8220; global_colors_info=&#8220;{}&#8220; sticky_enabled=&#8220;0&#8243;]<\/p>\n<h2>Datenschutzinformation<\/h2>\n<p>Vielen Dank f\u00fcr Ihr Interesse an unserem Webangebot und unseren Leistungen. Der Schutz Ihrer Daten ist f\u00fcr uns wichtig. Wir richten uns dabei nach den geltenden rechtlichen Vorgaben. Wir informieren Sie nun \u00fcber die Datenverarbeitung unserer Website.<\/p>\n<p>In unserer datenschutzrechtlichen Verantwortlichkeit sind uns bestimmte Pflichten auferlegt worden, um den Schutz Ihrer (wir sprechen Sie als betroffene Person nachfolgend auch mit &#8222;Kunde&#8220;, &#8222;Nutzer&#8220;, &#8222;Sie&#8220;, &#8222;Ihnen&#8220; oder &#8222;Betroffener&#8220; an) personenbezogenen Daten sicherzustellen.<\/p>\n<h3><\/h3>\n<h3>1 Verantwortliche\/r f\u00fcr die Verarbeitung personenbezogener Daten<\/h3>\n<p>Die f\u00fcr die Verarbeitung Ihrer personenbezogenen Daten verantwortliche Stelle ist:<\/p>\n<p>Stiftung St. Ludgeri<br \/>Br\u00fcckstra\u00dfe 87\/89<br \/>45239 Essen-Werden<\/p>\n<h3>1.1 Kontaktdaten unseres Datenschutzbeauftragten<\/h3>\n<p>Unser Datenschutzbeauftragter steht Ihnen gerne bei Fragen und allen Anliegen zum Datenschutz gerne zur Verf\u00fcgung. Die Kontaktdaten lauten:<\/p>\n<p>Herr Johannes Schl\u00fctter<br \/>net.ter GmbH, Kaistr. 5, 40221 D\u00fcsseldorf<br \/>Tel. 0211 \/ 972 635 10<br \/>E-Mail: <a href=\"mailto:datenschutz@netter-protect.de\">datenschutz@netter-protect.de<\/a><br \/>Internet: <a href=\"https:\/\/www.netter-protect.de\"><span>https:\/\/www.netter-protect.de<\/span><\/a><\/p>\n<h3>2 Zusammenfassung der Datenschutzinformation<\/h3>\n<p>Wir informieren Sie gerne, wann wir welche personenbezogenen Daten erheben und wie wir sie verwenden. Technische und organisatorische Ma\u00dfnahmen sind getroffen, um die Sicherstellung der Vorschriften \u00fcber den Datenschutz zu gew\u00e4hrleisten. Diese trifft auch auf unsere externen beauftragten Dienstleister zu.<\/p>\n<p>Zun\u00e4chst ist die Nutzung unserer Website m\u00f6glich, ohne dass Sie weitere personenbezogene Daten eingeben. Durch die Nutzung unserer Website erheben wir jedoch Ihre IP-Adresse und verbinden damit Nutzungsdaten (besuchte Webseiten, verwendeter Browser). Diese Daten nutzen wir, um Ihnen eine sichere Verbindung mit unserem Webserver zu erm\u00f6glichen (Session-Cookie) und allgemeine, nicht personenbezogenen Statistiken zu erstellen (Anzahl der Klicks auf unsere Website, am h\u00e4ufigsten besuchte Seiten usw.).<\/p>\n<p>Unser Webangebot wird durch einen externen Dienstleister durchgef\u00fchrt (Webhoster). Dieses erfolgt im Auftrag durch uns in \u00dcbereinstimmung mit den datenschutzrechtlichen Anforderungen.<\/p>\n<p>Das f\u00fcr uns geltende grundlegende Datenschutzgesetz ist das Gesetz \u00fcber den kirchlichen Datenschutz (KDG).<\/p>\n<p>Die in der Information verwendeten Begriffe sind in diesem Gesetz definiert und finden hier Anwendung.<\/p>\n<p>Diese Datenschutzinformation bezieht sich allein auf unser Internetangebot. Sollten Sie \u00fcber Hyperlinks auf Internetseiten Dritter gelangen, weisen wir darauf hin, dass f\u00fcr den Inhalt der verlinkten Seiten ausschlie\u00dflich deren Betreiber verantwortlich sind.<\/p>\n<h3>3 Zweck der Datenverarbeitung<\/h3>\n<p>Der Zweck unserer Verarbeitungen besteht unser Webangebot technisch bei Ihnen sicher darzustellen. Zudem nutzen wir die Server-Protokolldaten um unser Webangebot zu verbessern. Beides erfolgt in unserem berechtigten Interesse.<\/p>\n<p>Zur Verfolgung dieses Zweckes erfolgt die Speicherung folgender Daten:<\/p>\n<ul>\n<li>der IP-Adresse des anfragenden Rechners, die so verk\u00fcrzt wird, dass ein Personenbezug nicht mehr herstellbar ist,<\/li>\n<li>der Seite, von der aus die Seite angefordert wurde (sog. Referrer-URL),<\/li>\n<li>dem Name und URL der angeforderten Seite,<\/li>\n<li>dem Datum und der Uhrzeit des Aufrufs,<\/li>\n<li>der Beschreibung des Typs, Sprache und Version des verwendeten Webbrowsers,<\/li>\n<li>der \u00fcbertragenen Datenmenge<\/li>\n<li>dem Betriebssystem<\/li>\n<li>der Meldung, ob der Aufruf erfolgreich war (Zugriffsstatus\/Http-Statuscode)<\/li>\n<li>der GMT-Zeitzonendifferenz.<\/li>\n<\/ul>\n<p>Sofern f\u00fcr die Verarbeitung der Daten die Speicherung von Informationen in Ihrer Endeinrichtung oder der Zugriff auf Informationen, die bereits in der Endeinrichtung gespeichert sind, erforderlich ist, ist \u00a7 25 Abs. 1 , 2 Telekommunikation-Digitale-Dienste-Datenschutz-Gesetz (TDDDG) hierf\u00fcr die Rechtsgrundlage.<\/p>\n<p>Je nach Cookie-Einstellung kann es zu weiteren Verarbeitungen und Auswertungen kommen. Dieses erfolgt mit Ihrer ausdr\u00fccklichen Zustimmung.<\/p>\n<p>Daten aus Web-Formularen: Sofern Sie im Rahmen Ihrer Nutzung der Website Daten in ein Webformular (z.B. Kontaktformular, Feedback-Formular) eingeben, speichern wir auch diese von Ihnen weiter eingegebenen Daten aus den Datenfeldern des Formulars.<\/p>\n<p>Die Verarbeitung der Daten aus Web-Formularen erfolgt zur Bearbeitung Ihrer entsprechenden Anfragen (z.B. Kontaktaufnahme), also im Rahmen einer Vereinbarung oder auch in unserem berechtigten Interesse.<\/p>\n<p>Wir verarbeiten die personenbezogenen Daten in Einklang mit den Vorschriften des f\u00fcr uns geltenden Datenschutzgesetzes, den weiteren einschl\u00e4gigen Datenschutzvorschriften und nur im erforderlichen Umfang. Soweit die Verarbeitung der personenbezogenen Daten auf unserem berechtigten Interesse beruht, stellen die genannten Zwecke zugleich unsere berechtigten Interessen dar.<\/p>\n<h3>4 Kategorien von Empf\u00e4ngern<\/h3>\n<p>Innerhalb unserer Organisation erhalten nur die Personen Ihre Daten, die diese zur Erf\u00fcllung der oben genannten Leistungen Ihnen gegen\u00fcber ben\u00f6tigen. Zudem erfolgt die unter Beachtung gesetzlicher Vorschriften notwendige Weiterleitung an Dritte. Dieses umfasst auch die Verarbeitung Ihrer Daten durch unseren Webhoster.<\/p>\n<h3>5 Dauer der Speicherung der Daten<\/h3>\n<p>Ihre Daten werden so lange verarbeitet, wie es f\u00fcr die Erreichung der benannten Zwecke erforderlich ist; hierf\u00fcr gelten die im Rahmen der Verarbeitungszwecke angegebenen Rechtsgrundlagen entsprechend.<\/p>\n<p>Eine Speicherung kann jedoch \u00fcber die angegebene Zeit hinaus im Falle einer (drohenden) Rechtsstreitigkeit mit Ihnen oder eines sonstigen rechtlichen Verfahrens erfolgen oder wenn die Speicherung durch gesetzliche Vorschriften, denen wir als Verantwortlicher unterliegen, vorgesehen ist. Wenn die durch die gesetzlichen Vorschriften vorgeschriebene Speicherfrist abl\u00e4uft, erfolgt eine Sperrung oder L\u00f6schung der personenbezogenen Daten, es sei denn, dass eine weitere Speicherung durch uns erforderlich ist und daf\u00fcr eine Rechtsgrundlage besteht.<\/p>\n<h3>6 Ihre Rechte<\/h3>\n<p>Durch das f\u00fcr uns geltende Datenschutzgesetz verf\u00fcgen Sie \u00fcber bestimmte Schutz-Rechte, \u00fcber die wir Sie nachfolgend gerne informieren.<\/p>\n<h3>6.1 Auskunftsrecht<\/h3>\n<p>Wir erteilen Ihnen gerne Auskunft zu den \u00fcber Sie gespeicherten Daten (inkl. Zweck der Verarbeitung, Kategorien der verarbeiteten Daten, evtl. Empf\u00e4nger bei \u00dcbermittlungen, Aufbewahrungsdauer usw.). Sprechen Sie uns hierzu einfach an.<\/p>\n<h3>6.2 Berichtigungsrecht, Einschr\u00e4nkung der Datenverarbeitung und L\u00f6schrecht<\/h3>\n<p>Sie haben das Recht, dass wir Daten berichtigen oder auch l\u00f6schen, sofern Sie dieses w\u00fcnschen. Zudem haben Sie das Recht, eine Einschr\u00e4nkung der Datenverarbeitung vornehmen zu lassen.<\/p>\n<h3>6.3 Daten\u00fcbertragbarkeit<\/h3>\n<p>F\u00fcr allen Daten, die wir auf Grund Ihrer Einwilligung verarbeiten, besteht das Recht, dass wir diese Daten auf Ihren Antrag hin in einem strukturierten, g\u00e4ngigen und maschinenlesbaren Format bereitstellen.<\/p>\n<h3>6.4 Widerspruchsrecht<\/h3>\n<p>Sie haben das Recht der Datenverarbeitung durch uns zu widersprechen. \u00dcber etwaige Folgen f\u00fcr unser Vertrags- \/ Leistungsverh\u00e4ltnis informieren wir Sie gerne.<\/p>\n<h3>6.5 Beschwerderecht bei der Aufsichtsbeh\u00f6rde<\/h3>\n<p>Sie haben das Recht zur Beschwerde bei der f\u00fcr uns zust\u00e4ndigen Datenschutz-Aufsichtsbeh\u00f6rde. Die Adresse teilen wir Ihnen gerne mit.<\/p>\n<h3>7 Verwendung von Cookies<\/h3>\n<p>Unsere Internetseiten gebrauchen an manchen Stellen Cookies. Dadurch kann es sein, dass wir Informationen in Form eines Cookies auf Ihrem Computer ablegen. Cookies sind kleine Text-Dateien, die von einem Webserver an Ihren Browser gesendet und auf die Festplatte Ihres Computers gespeichert werden. Die am meisten gebrauchten Cookies sind Session-Cookies, die nach Verlassen unserer Internetseite automatisch gel\u00f6scht werden.<\/p>\n<p>Cookies k\u00f6nnen Daten enthalten, die eine Wiedererkennung des genutzten Ger\u00e4ts m\u00f6glich machen. Teilweise enthalten Cookies aber auch lediglich Informationen zu bestimmten Einstellungen, die nicht personenbeziehbar sind. Cookies k\u00f6nnen einen Nutzer aber nicht direkt identifizieren.<\/p>\n<p>Selbstverst\u00e4ndlich k\u00f6nnen Sie unsere Websites auch ohne Cookies betrachten. Sie k\u00f6nnen das Speichern von Cookies auf Ihrer Festplatte verhindern, indem Sie in Ihren Browser-Einstellungen &#8222;keine Cookies akzeptieren&#8220; w\u00e4hlen. Wie das im Einzelnen funktioniert, entnehmen Sie bitte der Anleitung Ihres Browser-Herstellers. Wenn Sie keine Cookies akzeptieren, kann dieses aber zu Funktionseinschr\u00e4nkungen unserer Angebote f\u00fchren.<\/p>\n<p>Die Cookie-Einstellungen f\u00fcr Ihren Browser finden Sie unter den folgenden Links:<\/p>\n<ul>\n<li>Microsoft Edge [https:\/\/support.microsoft.com\/de-de\/help\/4027947\/microsoft-edge-delete-cookies]<\/li>\n<li>Safari [https:\/\/support.apple.com\/de-de\/guide\/safari\/sfri11471\/12.0\/mac\/10.14]<\/li>\n<li>Chrome [https:\/\/support.google.com\/chrome\/answer\/95647?hl=de&amp;hlrm=en]<\/li>\n<li>Firefox [https:\/\/support.mozilla.org\/de\/products\/firefox\/protect-your-privacy\/cookies]<\/li>\n<li>Opera [https:\/\/help.opera.com\/de\/latest\/web-preferences\/#cookies]<\/li>\n<\/ul>\n<p>Man unterscheidet zwischen Session-Cookies, die wieder gel\u00f6scht werden, sobald Sie ihren Browser schlie\u00dfen und permanenten Cookies, die \u00fcber die einzelne Sitzung hinaus gespeichert werden. Hinsichtlich ihrer Funktion unterscheidet man bei Cookies wiederum zwischen:<\/p>\n<ul>\n<li>Technical Cookies: Diese sind zwingend erforderlich, um sich auf der Webseite zu bewegen, grundlegende Funktionen zu nutzen und die Sicherheit der Webseite zu gew\u00e4hrleisten; sie sammeln weder Informationen \u00fcber Sie zu Marketingzwecken noch speichern sie, welche Webseiten Sie besucht haben;<\/li>\n<li>Performance Cookies: Diese sammeln Informationen dar\u00fcber, wie Sie unsere Webseite nutzen, welche Seiten Sie besuchen und z.\u2009 ob Fehler bei der Webseitennutzung auftreten; sie sammeln keine Informationen, die Sie identifizieren k\u00f6nnten \u2013 alle gesammelten Informationen sind anonym und werden nur verwendet, um unsere Webseite zu verbessern und herauszufinden, was unsere Nutzer interessiert;<\/li>\n<li>Advertising Cookies, Targeting Cookies: Diese dienen dazu, dem Webseitennutzer bedarfsgerechte Werbung auf der Webseite oder Angebote von Dritten anzubieten und die Effektivit\u00e4t dieser Angebote zu messen; Advertising und Targeting Cookies werden maximal 13\u00a0Monate lang gespeichert;<\/li>\n<li>Sharing Cookies: Diese dienen dazu, die Interaktivit\u00e4t unserer Webseite mit anderen Diensten (zB sozialen Netzwerken) zu verbessern; Sharing Cookies werden maximal 13\u00a0Monate lang gespeichert.<\/li>\n<\/ul>\n<p>Rechtsgrundlage f\u00fcr Cookies, die unbedingt erforderlich sind, um Ihnen den ausdr\u00fccklich gew\u00fcnschten Dienst zur Verf\u00fcgung zustellen, ist \u00a7\u00a025 Abs.\u00a02 Nr.\u00a02 TDDDG. Jeder Einsatz von Cookies, der hierf\u00fcr nicht zwingend technisch erforderlich ist, stellt eine Datenverarbeitung dar, die nur mit einer ausdr\u00fccklichen und aktiven Einwilligung Ihrerseits gem.\u00a0\u00a7\u00a025 Abs.\u00a01 TDDDG iVm mit einer Einwilligung nach dem Datenschutzgesetz erlaubt ist. Dies gilt insbesondere f\u00fcr die Verwendung von Performance, Advertising, Targeting oder Sharing Cookies.<\/p>\n<h3>8 Social Media<\/h3>\n<p>Wir bieten neben dieser Webseite auch Angebote unseres Unternehmens in den\u00a0sozialen Netzwerken an:<\/p>\n<ul>\n<li>Facebook,<\/li>\n<li>Instagram.<\/li>\n<\/ul>\n<h3>8.1 Facebook &amp; Instagram<\/h3>\n<p>Die Datenverarbeitung im Rahmen der Pr\u00e4senzen auf Facebook und Instagram erfolgt durch uns und\u00a0 Facebook Inc., 1 Hacker Way, Menlo Park, California 94025, USA. Unsere Kontaktdaten k\u00f6nnen Sie im Impressum einsehen. Die Kontaktdaten von Facebook k\u00f6nnen Sie dem Impressum von Facebook entnehmen, unter:\u00a0 <a href=\"https:\/\/de-de.facebook.com\/legal\/terms?ref=pf\">https:\/\/de-de.facebook.com\/legal\/terms?ref=pf<\/a>.<\/p>\n<h3>8.2 Datenerfassung in den sozialen Medien<\/h3>\n<p>Ihre Daten werden zum einen dadurch erhoben, dass Sie uns diese mitteilen (z.B. im Fall von privaten Facebook-Nachrichten oder Direct Messages bei Instagram oder TikTok die Sie uns senden). Andere Daten werden automatisch beim Besuch der Website durch die jeweiligen Anbieter erhoben.<\/p>\n<h3>8.3 Weitere Datenschutzinformationen der Anbieter<\/h3>\n<p>Facebook:\u00a0 <a href=\"https:\/\/de-de.facebook.com\/policy.php.\">https:\/\/de-de.facebook.com\/policy.php.<\/a><br \/>Instagram:\u00a0 <span><a href=\"https:\/\/help.instagram.com\/519522125107875\">https:\/\/help.instagram.com\/519522125107875<\/a><br \/><a href=\"https:\/\/help.instagram.com\/519522125107875\"><\/a><\/span><\/p>\n<h3>9 Aktualisierung dieser Information<\/h3>\n<p>Wir pr\u00fcfen diese Datenschutzinformation im Rahmen der Fortentwicklung des Datenschutzrechts sowie technologischer oder organisatorischer Ver\u00e4nderungen regelm\u00e4\u00dfig auf Anpassungs- oder Erg\u00e4nzungsbedarf. Nehmen Sie deshalb jeweils die aktuelle Fassung dieser Information auf dieser Website zur Kenntnis.<\/p>\n<p>Diese Datenschutzinformationen haben den Stand von Oktober 24.<\/p>\n<p>&nbsp;<\/p>\n<p>&nbsp;<\/p>\n<p>&nbsp;<\/p>\n<p>[\/et_pb_text][\/et_pb_column][\/et_pb_row][\/et_pb_section]<\/p>\n","protected":false},"excerpt":{"rendered":"<p>Datenschutzerkl\u00e4rungDatenschutzinformation Vielen Dank f\u00fcr Ihr Interesse an unserem Webangebot und unseren Leistungen. Der Schutz Ihrer Daten ist f\u00fcr uns wichtig. Wir richten uns dabei nach den geltenden rechtlichen Vorgaben. Wir informieren Sie nun \u00fcber die Datenverarbeitung unserer Website. In unserer datenschutzrechtlichen Verantwortlichkeit sind uns bestimmte Pflichten auferlegt worden, um den Schutz Ihrer (wir sprechen Sie [&hellip;]<\/p>\n","protected":false},"author":2,"featured_media":0,"parent":0,"menu_order":0,"comment_status":"closed","ping_status":"closed","template":"","meta":{"_seopress_robots_primary_cat":"","_seopress_titles_title":"","_seopress_titles_desc":"","_seopress_robots_index":"","_et_pb_use_builder":"on","_et_pb_old_content":"","_et_gb_content_width":"","footnotes":""},"class_list":["post-1636","page","type-page","status-publish","hentry"],"_links":{"self":[{"href":"https:\/\/www.ludgeri-stiftung.de\/index.php\/wp-json\/wp\/v2\/pages\/1636","targetHints":{"allow":["GET"]}}],"collection":[{"href":"https:\/\/www.ludgeri-stiftung.de\/index.php\/wp-json\/wp\/v2\/pages"}],"about":[{"href":"https:\/\/www.ludgeri-stiftung.de\/index.php\/wp-json\/wp\/v2\/types\/page"}],"author":[{"embeddable":true,"href":"https:\/\/www.ludgeri-stiftung.de\/index.php\/wp-json\/wp\/v2\/users\/2"}],"replies":[{"embeddable":true,"href":"https:\/\/www.ludgeri-stiftung.de\/index.php\/wp-json\/wp\/v2\/comments?post=1636"}],"version-history":[{"count":4,"href":"https:\/\/www.ludgeri-stiftung.de\/index.php\/wp-json\/wp\/v2\/pages\/1636\/revisions"}],"predecessor-version":[{"id":1658,"href":"https:\/\/www.ludgeri-stiftung.de\/index.php\/wp-json\/wp\/v2\/pages\/1636\/revisions\/1658"}],"wp:attachment":[{"href":"https:\/\/www.ludgeri-stiftung.de\/index.php\/wp-json\/wp\/v2\/media?parent=1636"}],"curies":[{"name":"wp","href":"https:\/\/api.w.org\/{rel}","templated":true}]}}