{"id":1639,"date":"2025-07-31T09:09:41","date_gmt":"2025-07-31T09:09:41","guid":{"rendered":"https:\/\/www.ludgeri-stiftung.de\/?page_id=1639"},"modified":"2025-08-07T09:17:24","modified_gmt":"2025-08-07T09:17:24","slug":"hinweisgebersystem","status":"publish","type":"page","link":"https:\/\/www.ludgeri-stiftung.de\/index.php\/hinweisgebersystem\/","title":{"rendered":"Hinweisgebersystem"},"content":{"rendered":"<p>[et_pb_section fb_built=&#8220;1&#8243; admin_label=&#8220;Header&#8220; _builder_version=&#8220;4.22.2&#8243; _module_preset=&#8220;default&#8220; custom_padding=&#8220;0px||0px||true|false&#8220; locked=&#8220;off&#8220; collapsed=&#8220;on&#8220; global_colors_info=&#8220;{}&#8220;][et_pb_row admin_label=&#8220;Section Header&#8220; _builder_version=&#8220;4.21.0&#8243; _module_preset=&#8220;default&#8220; max_width=&#8220;600px&#8220; locked=&#8220;off&#8220; global_colors_info=&#8220;{}&#8220;][et_pb_column type=&#8220;4_4&#8243; _builder_version=&#8220;4.16&#8243; _module_preset=&#8220;default&#8220; custom_padding=&#8220;|||&#8220; global_colors_info=&#8220;{}&#8220; custom_padding__hover=&#8220;|||&#8220;][et_pb_text admin_label=&#8220;Tittle&#8220; _builder_version=&#8220;4.24.3&#8243; _module_preset=&#8220;_initial&#8220; header_font=&#8220;||||||||&#8220; header_2_font=&#8220;Roboto Condensed|300||on|||||&#8220; header_2_text_color=&#8220;#000000&#8243; header_3_font=&#8220;||||||||&#8220; text_orientation=&#8220;center&#8220; max_width_last_edited=&#8220;off|desktop&#8220; custom_margin=&#8220;||10px||false|false&#8220; global_colors_info=&#8220;{}&#8220;]<\/p>\n<h2>HINWEISGEBER:INNENSYSTEM<\/h2>\n<p>[\/et_pb_text][et_pb_image src=&#8220;https:\/\/www.ludgeri-stiftung.de\/wp-content\/uploads\/2024\/07\/colourspare-flat.jpg&#8220; title_text=&#8220;colourspare-flat&#8220; align=&#8220;center&#8220; _builder_version=&#8220;4.22.2&#8243; _module_preset=&#8220;default&#8220; global_colors_info=&#8220;{}&#8220;][\/et_pb_image][et_pb_text disabled_on=&#8220;off|off|off&#8220; admin_label=&#8220;Subtittle&#8220; _builder_version=&#8220;4.27.4&#8243; _module_preset=&#8220;_initial&#8220; text_font=&#8220;Roboto Condensed||||||||&#8220; text_orientation=&#8220;center&#8220; max_width_tablet=&#8220;&#8220; max_width_phone=&#8220;&#8220; max_width_last_edited=&#8220;on|phone&#8220; module_alignment=&#8220;center&#8220; custom_margin=&#8220;100px||||false|false&#8220; hover_enabled=&#8220;0&#8243; global_colors_info=&#8220;{}&#8220; sticky_enabled=&#8220;0&#8243;]<\/p>\n<div class=\"fusion-text fusion-text-1\">\n<h1 data-fontsize=\"28\" data-lineheight=\"31.92px\" class=\"fusion-responsive-typography-calculated\">Hinweisgeber:innensystem<\/h1>\n<p>Korrektes gesetzes- und regelkonformes Handeln haben f\u00fcr uns und unsere Mitarbeiter:innen h\u00f6chste Priorit\u00e4t. Der Erfolg unserer Arbeit h\u00e4ngt wesentlich von unserer Verl\u00e4sslichkeit, Ehrlichkeit und Integrit\u00e4t ab. Zur Sicherstellung dieses Anspruchs ist es uns wichtig, zu jeder Zeit \u00fcber Rechts- und Regelverst\u00f6\u00dfe Kenntnis zu erlangen.<\/p>\n<p>Das Hinweisgeber:innensystem bietet Ihnen die M\u00f6glichkeit, vertraulich und sicher Hinweise an uns abzugeben. Zudem verpflichten wir uns, gegen Sie keine Ma\u00dfnahmen einzuleiten, sofern Sie das System nicht missbrauchen. Ein Missbrauch kann aus unserer Sicht bestehen, falls hier vors\u00e4tzlich falsche Verd\u00e4chtigungen oder Verunglimpfungen eingegeben werden.<\/p>\n<p>Wir haben zur Sicherstellung Ihrer Anonymit\u00e4t mit der net.ter GmbH ein unabh\u00e4ngiges Unternehmen als Meldestelle beauftragt, das Ihren Hinweis entgegennimmt und anonymisiert an uns weiterleitet. Die net.ter GmbH steht dann im weiteren Verlauf mit Ihnen in Kontakt.<\/p>\n<h2 data-fontsize=\"22\" data-lineheight=\"27.94px\" class=\"fusion-responsive-typography-calculated\">Wie bearbeiten wir Ihren Hinweis?<\/h2>\n<p>Die net.ter GmbH nimmt die Hinweise entgegen und anonymisiert diese. Danach erfolgt eine Weiterleitung an qualifizierte Mitarbeiter:innen bei uns, die speziell in die Bearbeitung der Hinweise unterwiesen sind. Diese Mitarbeiter:innen pr\u00fcfen die Meldungen auf potenzielle Regel- und Gesetzesverst\u00f6\u00dfe und gehen diesen systematisch nach.<\/p>\n<p>Sie erhalten zun\u00e4chst eine Eingangsbest\u00e4tigung \u00fcber den gew\u00e4hlten Meldekanal. Danach erfolgt die Bearbeitung Ihres Hinweises. Sie erhalten dann innerhalb von 3 Monaten eine R\u00fcckmeldung \u00fcber den von Ihnen gew\u00e4hlten Meldekanal.<\/p>\n<\/div>\n<div class=\"fusion-text fusion-text-2\">\n<h3 data-fontsize=\"18\" data-lineheight=\"23.94px\" class=\"fusion-responsive-typography-calculated\">Geben Sie nun Ihren Hinweis ab<\/h3>\n<p>Im folgenden erl\u00e4utern wir Ihnen die m\u00f6glichen Meldekan\u00e4le:<\/p>\n<\/div>\n<div class=\"fusion-text fusion-text-3\">\n<p><strong>1. Online-System<\/strong><\/p>\n<p>Geben Sie hier Ihren Hinweis direkt ein!<span>\u00a0<\/span><strong><a href=\"https:\/\/hinschg.netter.online\/k294523948\/\" target=\"_blank\" rel=\"noopener\">https:\/\/hinschg.netter.online\/k294523948\/<\/a><\/strong><\/p>\n<p>Sie werden beim Klick auf den Link direkt zu unserem Hinweisgeber:innensystem weitergeleitet.<\/p>\n<\/div>\n<div class=\"fusion-text fusion-text-4\">\n<p><strong>2. Telefonische Hotline, pers\u00f6nliche Terminvereinbarung<\/strong><\/p>\n<p>Telefon 0211 \/ 972 635 23 3.<\/p>\n<\/div>\n<div class=\"fusion-text fusion-text-5\">\n<p><strong>3. Posteingang<br \/><\/strong><\/p>\n<p>net.ter GmbH<br \/>Interne Meldestelle f\u00fcr Stiftung St. Ludgeri Essen-Werden<br \/>Kaistr. 5<br \/>40221 D\u00fcsseldorf<\/p>\n<p>Zum Erhalt einer qualifizierten R\u00fcckmeldung ist die Angabe Ihres Namens und Ihrer Adresse erforderlich. Wir sichern Ihnen zu, dass diese Daten im Rahmen der Bearbeitung Ihres Hinweises nicht an das betreffende Unternehmen \/ die betreffende Organisation weitergegeben werden.<\/p>\n<\/div>\n<p>[\/et_pb_text][\/et_pb_column][\/et_pb_row][\/et_pb_section]<\/p>\n","protected":false},"excerpt":{"rendered":"<p>HINWEISGEBER:INNENSYSTEM Hinweisgeber:innensystem Korrektes gesetzes- und regelkonformes Handeln haben f\u00fcr uns und unsere Mitarbeiter:innen h\u00f6chste Priorit\u00e4t. Der Erfolg unserer Arbeit h\u00e4ngt wesentlich von unserer Verl\u00e4sslichkeit, Ehrlichkeit und Integrit\u00e4t ab. Zur Sicherstellung dieses Anspruchs ist es uns wichtig, zu jeder Zeit \u00fcber Rechts- und Regelverst\u00f6\u00dfe Kenntnis zu erlangen. Das Hinweisgeber:innensystem bietet Ihnen die M\u00f6glichkeit, vertraulich und sicher [&hellip;]<\/p>\n","protected":false},"author":2,"featured_media":0,"parent":0,"menu_order":0,"comment_status":"closed","ping_status":"closed","template":"","meta":{"_seopress_robots_primary_cat":"","_seopress_titles_title":"","_seopress_titles_desc":"","_seopress_robots_index":"","_et_pb_use_builder":"on","_et_pb_old_content":"","_et_gb_content_width":"","footnotes":""},"class_list":["post-1639","page","type-page","status-publish","hentry"],"_links":{"self":[{"href":"https:\/\/www.ludgeri-stiftung.de\/index.php\/wp-json\/wp\/v2\/pages\/1639","targetHints":{"allow":["GET"]}}],"collection":[{"href":"https:\/\/www.ludgeri-stiftung.de\/index.php\/wp-json\/wp\/v2\/pages"}],"about":[{"href":"https:\/\/www.ludgeri-stiftung.de\/index.php\/wp-json\/wp\/v2\/types\/page"}],"author":[{"embeddable":true,"href":"https:\/\/www.ludgeri-stiftung.de\/index.php\/wp-json\/wp\/v2\/users\/2"}],"replies":[{"embeddable":true,"href":"https:\/\/www.ludgeri-stiftung.de\/index.php\/wp-json\/wp\/v2\/comments?post=1639"}],"version-history":[{"count":4,"href":"https:\/\/www.ludgeri-stiftung.de\/index.php\/wp-json\/wp\/v2\/pages\/1639\/revisions"}],"predecessor-version":[{"id":1660,"href":"https:\/\/www.ludgeri-stiftung.de\/index.php\/wp-json\/wp\/v2\/pages\/1639\/revisions\/1660"}],"wp:attachment":[{"href":"https:\/\/www.ludgeri-stiftung.de\/index.php\/wp-json\/wp\/v2\/media?parent=1639"}],"curies":[{"name":"wp","href":"https:\/\/api.w.org\/{rel}","templated":true}]}}